mine l(8).
-4
Let y(f) = 40*f**2 - 126*f + 18. What is y(3)?
0
Let q(i) = 55*i**2 - 13*i + 17. Determine q(2).
211
Let s(m) = -20*m**2 + 11*m + 14. What is s(-2)?
-88
Let f(v) = 90*v - 1407. Give f(14).
-147
Let a(h) = h**3 + 6*h**2 - 51*h - 16. Give a(-10).
94
Let g(n) = -2*n**2 - 31*n + 399. Determine g(8).
23
Let l(w) = -397*w**2 + 4365*w + 6. Calculate l(11).
-16
Let u(t) = -3*t**3 - 2*t**2 + 15*t - 25. What is u(2)?
-27
Let s(l) = -22*l - 240. What is s(-11)?
2
Let t(q) = q**3 - 10*q**2 - 30*q + 7. Calculate t(10).
-293
Let v(m) = -28*m - 11. Give v(2).
-67
Let f(m) = -m**3 + 24*m**2 + 58*m - 179. Determine f(26).
-23
Let y(l) = 201*l + 25. Determine y(1).
226
Let l(t) = -6*t - 151. What is l(0)?
-151
Let y(v) = -v**3 + 22*v**2 + 77*v - 45. Give y(25).
5
Let j(c) = 46*c - 413. What is j(17)?
369
Let h(u) = -170*u + 1906. Determine h(11).
36
Let w(r) = -25*r + 130. Determine w(5).
5
Let s(y) = 18*y**2 + 63*y - 108. Give s(2).
90
Let v(s) = -s**2 - 12*s - 46. Determine v(-17).
-131
Let h(i) = -i**3 - 19*i**2 - 57*i + 182. What is h(-14)?
0
Let k(b) = b**3 + 779*b**2 + 15912*b - 132. Calculate k(-21).
-6
Let g(i) = -221*i**2 + 11*i - 15. Determine g(2).
-877
Let t(w) = w**3 - 15*w**2 + 2*w + 20. Calculate t(11).
-442
Let y(w) = -8*w**3 + 208*w**2 + 12*w - 336. Determine y(26).
-24
Let w(l) = -l**3 - 28*l**2 + 27*l - 51. Determine w(-29).
7
Let c(h) = -18*h - 2554. Calculate c(-139).
-52
Let u(r) = r**3 + 8*r**2 + 27*r + 10. Determine u(-2).
-20
Let l(p) = -p**3 + 8*p**2 + 17*p - 6. Give l(11).
-182
Let w(j) = 2*j**2 + 177*j - 2946. Give w(-103).
41
Let a(y) = 36*y**2 + 108*y - 385. Determine a(4).
623
Let h(j) = 17*j + 1732. Give h(-101).
15
Let g(x) = -x**3 - 40*x**2 - 257*x - 23. Determine g(-32).
9
Let h(t) = -3*t**2 - 354*t - 373. What is h(-117)?
-22
Let q(b) = -7*b**2 - 315*b - 16. Give q(-45).
-16
Let g(i) = -683*i - 159143. Determine g(-233).
-4
Let l(u) = 2*u**2 - 200*u + 232. Calculate l(98).
-160
Let j(o) = -270*o + 260. What is j(1)?
-10
Let k(x) = -8*x**2 - 442*x + 334. Calculate k(-56).
-2
Let h(m) = -3*m**2 + 101*m + 1333. Calculate h(-12).
-311
Let p(o) = -5*o**3 - 41*o**2 - 36*o + 18. Calculate p(-7).
-24
Let s(g) = -g**3 + 18*g**2 - 29*g - 80. Determine s(16).
-32
Let h(m) = -2*m**3 - 23*m**2 - 31*m + 25. Calculate h(-11).
245
Let k(s) = -s**2 + 21*s - 77. Determine k(5).
3
Let t(p) = -896*p + 25102. Determine t(28).
14
Let q(j) = 2*j**3 - 47*j**2 - 23*j - 32. Determine q(24).
-8
Let t(i) = 14*i**2 + 186*i + 574. What is t(-5)?
-6
Let k(g) = 16*g - 106. Give k(-9).
-250
Let a(o) = -o**3 - 6*o**2 + 38*o. Determine a(-9).
-99
Let j(a) = -4*a**2 + 32*a - 25. Give j(7).
3
Let g(z) = z**2 - 113*z - 714. What is g(-6)?
0
Let x(n) = 41*n**2 - 2665*n + 18. Give x(65).
18
Let m(o) = 181*o - 2165. Calculate m(12).
7
Let r(o) = -3*o**2 + 149*o + 943. Calculate r(-6).
-59
Let v(y) = -y**3 + 98*y**2 - 87*y - 968. Determine v(97).
2
Let v(s) = -6*s - 118. Give v(-20).
2
Let j(u) = 281*u - 1705. Give j(6).
-19
Let b(f) = -2*f**2 - 52*f - 290. What is b(-28)?
-402
Let z(k) = k**2 + 42*k + 162. What is z(-7)?
-83
Let t(k) = -33*k**3 - 4*k**2 - 12*k - 4. Calculate t(-2).
268
Let p(y) = y**2 - 270*y + 14384. What is p(73)?
3
Let v(x) = -x**3 - 3*x**2 + 14*x - 18. What is v(4)?
-74
Let n(c) = -201*c - 564. Calculate n(-4).
240
Let x(b) = 62*b + 1653. What is x(-26)?
41
Let p(a) = 103*a - 4. What is p(0)?
-4
Let k(z) = z**2 + 5*z - 136. Calculate k(8).
-32
Let x(p) = p**3 - 17*p**2 + 12*p - 186. Give x(17).
18
Let h(z) = 306*z + 12. Determine h(1).
318
Let i(x) = -22*x - 192. Determine i(-8).
-16
Let m(u) = -u**3 + 53*u**2 + 13*u - 588. What is m(53)?
101
Let x(w) = w**3 - 4*w**2 + 27*w - 39. What is x(9)?
609
Let v(o) = o**3 + 24*o**2 + 28*o + 727. Calculate v(-24).
55
Let u(k) = 28656*k - 143279. Calculate u(5).
1
Let k(s) = 3*s**2 + 34*s + 33. Give k(-5).
-62
Let o(p) = -27*p**2 - 153*p + 68. Give o(-6).
14
Let y(g) = 83*g - 360. Calculate y(4).
-28
Let x(z) = -z**3 + 52*z**2 + 105*z + 241. Determine x(54).
79
Let h(l) = -30*l + 860. Determine h(30).
-40
Let r(m) = 2*m**3 + 28*m**2 - 74*m - 1034. What is r(-14)?
2
Let q(m) = -m**3 - 34*m**2 - 54*m + 250. Determine q(-32).
-70
Let k(g) = -438*g - 1737. Determine k(-4).
15
Let g(r) = 139*r - 620. What is g(4)?
-64
Let n(s) = 371*s + 2. What is n(-1)?
-369
Let l(q) = -q**3 + 13*q**2 + 34*q - 60. Calculate l(15).
0
Let o(d) = -2*d**3 - 42*d**2 + 3*d - 38. Give o(-21).
-101
Let f(a) = -a**2 + a + 135. Calculate f(-10).
25
Let y(t) = 3*t**3 - 21*t**2 - 24*t + 258. Give y(6).
6
Let d(q) = -2*q**2 - 29*q + 6. What is d(-15)?
-9
Let y(n) = n + 92. Determine y(-76).
16
Let p(y) = -3*y**2 - 178*y + 319. Calculate p(-61).
14
Let b(w) = 60*w**2 - 241*w + 9. Calculate b(4).
5
Let l(z) = 1803*z + 81165. Give l(-45).
30
Let h(s) = s**3 + 55*s**2 + 2*s + 148. Determine h(-55).
38
Let o(j) = j**2 - 60*j - 22502. What is o(-123)?
7
Let y(w) = 413*w - 9080. Calculate y(22).
6
Let f(y) = y**3 - 5*y**2 - 71*y + 439. Give f(7).
40
Let t(v) = 5*v**3 - 11*v**2 + 3*v + 2. What is t(-1)?
-17
Let m(t) = t**3 + 22*t**2 - 44*t - 44. What is m(-24)?
-140
Let d(z) = -16*z + 7. Calculate d(-13).
215
Let h(y) = 2*y**2 + 148*y + 2264. Determine h(-53).
38
Let s(n) = -809*n + 17011. Calculate s(21).
22
Let j(m) = -m**3 - m**2 - 4*m + 7. Give j(-4).
71
Let k(f) = -2*f**3 - 14*f**2 - 29*f + 6. What is k(-5)?
51
Let q(j) = 22*j - 560. Determine q(25).
-10
Let g(w) = -w**2 - 1745*w + 28169. Calculate g(16).
-7
Let h(x) = 12*x + 27. Determine h(1).
39
Let z(k) = 126*k + 6701. Calculate z(-53).
23
Let w(o) = -174*o + 11098. Determine w(64).
-38
Let l(x) = 5*x**3 - 7*x**2 - 7*x - 10. Give l(4).
170
Let v(k) = 21*k - 278. What is v(-18)?
-656
Let n(w) = 93*w**2 - 63*w - 3. Give n(1).
27
Let m(r) = -63*r - 582. Calculate m(-9).
-15
Let y(w) = 4*w - 36. Give y(11).
8
Let r(h) = -87*h - 1330. Determine r(-21).
497
Let i(r) = -4*r**2 - r + 104. Calculate i(-5).
9
Let o(u) = -55*u + 842. Determine o(15).
17
Let t(i) = -i**3 + 240*i**2 - 944*i - 4. Calculate t(4).
-4
Let x(s) = 29*s - 2265. Determine x(78).
-3
Let h(u) = -u**2 + 34*u - 57. Give h(17).
232
Let o(a) = 63*a**2 + 2*a - 42. Calculate o(0).
-42
Let q(t) = -t**3 - 19*t**2 - 89*t - 36. Calculate q(-11).
-25
Let d(b) = -13*b**3 - 584*b**2 + 47*b + 107. What is d(-45)?
17
Let o(d) = d**3 + 33*d**2 - 415*d + 644. Give o(-43).
-1
Let l(j) = -14*j**2 + 81*j + 8. What is l(6)?
-10
Let a(q) = 12*q**2 - 37*q + 4. What is a(2)?
-22
Let q(a) = -a**2 + 13*a + 424. Give q(23).
194
Let j(s) = s**2 - 95*s - 719. Give j(102).
-5
Let a(r) = r**2 + 373*r - 8. Determine a(0).
-8
Let u(s) = -s**3 - 6*s**2 - 26*s + 26. Determine u(-6).
182
Let f(n) = -40*n - 1861. What is f(-42)?
-181
Let l(q) = -28*q**3 - 18*q**2 + 15*q + 3. Give l(1).
-28
Let p(n) = -666*n - 5344. Determine p(-8).
-16
Let z(r) = 32*r - 827. Calculate z(26).
5
Let o(v) = 793*v - 5314. Determine o(7).
237
Let m(f) = 2*f**3 - 12*f**2 - 9*f + 21. What is m(5)?
-74
Let p(i) = -382*i - 756. Give p(-2).
8
Let l(w) = -2*w**2 - 220*w - 1907. Determine l(-101).
-89
Let c(o) = 6*o**2 + 119*o - 58. Determine c(-20).
-38
Let h(m) = 1177*m - 49445. What is h(42)?
-11
Let w(z) = 33*z**2 - 1514*z - 204. What is w(46)?
-20
Let u(m) = 24*m**2 - m - 15. What is u(2)?
79
Let o(y) = -y**3 + 25*y**2 - 47*y + 206. What is o(23)?
183
Let l(k) = -3*k**2 + 37*k. Determine l(13).
-26
Let l(p) = -1380*p - 15172. Calculate l(-11).
8
Let q(h) = 47*h - 28. Determine q(1).
19
Let i(t) = -t**2 + 19*t + 73. Determine i(19).
73
Let d(f) = -7*f**2 + 6*f - 45. Give d(-6).
-333
Let j(d) = 9*d**2 + 39*d - 122. Calculate j(3).
76
Let h(r) = -13*r**2 + 124*r - 55. Determine h(9).
8
Let n(y) = 603*y + 3026. What is n(-5)?
11
Let x(b) = b**2 - 26*b - 56. Give x(27).
-29
Let f(d) = -5*d**3 + 34*d**2 + 799*d - 5543. Give f(7).
1
Let x(a) = -23*a + 8. What is x(-1)?
31
Let i(b) = -43*b + 477. Calculate i(11).
4
Let m(t) = 2*t**3 + 17*t**2 + 36*t + 33. What is m(-6)?
-3
Let h(u) = -u**3 - 7*u**2 + u - 27. Give h(-7).
-34
Let z(c) = -15*c**2 - 724*c - 721. What is z(-1)?
-12
Let a(o) = 4*o**3 - 37*o**2 + 26*o + 242. What is a(7)?
-17
Let k(d) = -7*d**2 + 332*d + 23. Calculate k(48).
-169
Let w(y) = -39*y + 1993. Give w(54).
-113
Let h(y) = 7*y**3 - 95*y**2 + 31*y - 13. What 